f 1329588925?
5
What is the millions digit of 245048984?
5
What is the ten thousands digit of 2314527828?
2
What is the hundred thousands digit of 104591035?
5
What is the hundred millions digit of 1787994465?
7
What is the units digit of 375911405?
5
What is the millions digit of 74037563?
4
What is the hundred thousands digit of 75072284?
0
What is the millions digit of 95590405?
5
What is the ten thousands digit of 5105189878?
8
What is the tens digit of 86021427?
2
What is the hundred thousands digit of 6884997?
8
What is the tens digit of 571788925?
2
What is the hundred thousands digit of 245936055?
9
What is the tens digit of 329199283?
8
What is the thousands digit of 30618548?
8
What is the tens digit of 4548276562?
6
What is the ten millions digit of 3607990874?
0
What is the units digit of 755485378?
8
What is the billions digit of 1000391000?
1
What is the units digit of 436248603?
3
What is the ten millions digit of 733744456?
3
What is the ten thousands digit of 5823819101?
1
What is the ten thousands digit of 2276167?
7
What is the tens digit of 1510077774?
7
What is the units digit of 154367652?
2
What is the ten millions digit of 21445901?
2
What is the ten thousands digit of 1369349158?
4
What is the hundred millions digit of 1396197487?
3
What is the ten millions digit of 262764813?
6
What is the ten millions digit of 1336250221?
3
What is the ten millions digit of 108321974?
0
What is the units digit of 311769354?
4
What is the millions digit of 4555843728?
5
What is the thousands digit of 30387667?
7
What is the hundreds digit of 246319317?
3
What is the ten thousands digit of 150594846?
9
What is the ten millions digit of 25311952?
2
What is the units digit of 15370178?
8
What is the units digit of 52460351?
1
What is the ten millions digit of 18005243?
1
What is the hundred thousands digit of 8328026869?
0
What is the units digit of 403388404?
4
What is the hundreds digit of 36530482?
4
What is the thousands digit of 91145053?
5
What is the ten thousands digit of 284962212?
6
What is the hundred thousands digit of 43040527?
0
What is the hundred thousands digit of 95602618?
6
What is the hundred millions digit of 563810529?
5
What is the millions digit of 997884532?
7
What is the thousands digit of 1433491621?
1
What is the ten millions digit of 31599608?
3
What is the tens digit of 48199505?
0
What is the tens digit of 381227180?
8
What is the millions digit of 60112250?
0
What is the hundred thousands digit of 1941316211?
3
What is the millions digit of 240795550?
0
What is the thousands digit of 297524085?
4
What is the ten millions digit of 205826786?
0
What is the units digit of 322317887?
7
What is the hundreds digit of 1909061387?
3
What is the tens digit of 1312776404?
0
What is the tens digit of 177350300?
0
What is the units digit of 1504063836?
6
What is the ten millions digit of 486776976?
8
What is the millions digit of 5422261142?
2
What is the ten thousands digit of 29334453?
3
What is the ten millions digit of 234738206?
3
What is the tens digit of 78052202?
0
What is the units digit of 3091520?
0
What is the hundred thousands digit of 284561141?
5
What is the hundreds digit of 17642782?
7
What is the thousands digit of 7115745?
5
What is the ten thousands digit of 153462543?
6
What is the thousands digit of 61587083?
7
What is the units digit of 2933184775?
5
What is the millions digit of 926837290?
6
What is the ten thousands digit of 14222232?
2
What is the thousands digit of 5028178?
8
What is the tens digit of 3620379?
7
What is the thousands digit of 7941211?
1
What is the tens digit of 158154735?
3
What is the units digit of 2259479567?
7
What is the hundred thousands digit of 34356301?
3
What is the units digit of 1223398035?
5
What is the ten thousands digit of 279833776?
3
What is the ten millions digit of 744289802?
4
What is the ten thousands digit of 1688844244?
4
What is the ten thousands digit of 4995875355?
7
What is the ten millions digit of 2309044883?
0
What is the thousands digit of 38329669?
9
What is the ten thousands digit of 494169236?
6
What is the millions digit of 82239508?
2
What is the thousands digit of 8291960?
1
What is the tens digit of 154210777?
7
What is the billions digit of 1534157981?
1
What is the tens digit of 1247378755?
5
What is the thousands digit of 151895878?
5
What is the ten millions digit of 84690245?
8
What is the thousands digit of 834724712?
4
What is the ten thousands digit of 127194376?
9
What is the ten millions digit of 373300251?
7
What is the ten thousands digit of 199863062?
6
What is the hundreds digit of 882971302?
3
What is the tens digit of 1775669?
6
What is the tens digit of 1167157916?
1
What is the tens digit of 257008008?
0
What is the tens digit of 888128643?
4
What is the hundreds digit of 97825215?
2
What is the hundred thousands digit of 41996490?
9
What is the millions digit of 1778122879?
8
What is the thousands digit of 177387361?
7
What is the thousands digit of 22552997?
2
What is the ten millions digit of 17460786?
1
What is the units digit of 51427971?
1
What is the hundred millions digit of 648163674?
6
What is the hundred thousands digit of 5292286?
2
What is the thousands digit of 209288512?
8
What is the millions digit of 14243392?
4
What is the tens digit of 83992747?
4
What is the tens digit of 14110382?
8
What is the thousands digit of 128952104?
2
What is the millions digit of 2618495159?
8
What is the ten thousands digit of 3594954717?
5
What is the hundred thousands digit of 314849715?
8
What is the ten thousands digit of 731210540?
1
What is the millions digit of 330385860?
0
What is the billions digit of 8010250410?
8
What is the hundreds digit of 169916010?
0
What is the ten millions digit of 20139181?
2
What is the tens digit of 1695824?
2
What is the ten millions digit of 75348481?
7
What is the hundred thousands digit of 66408898?
4
What is the tens digit of 3895298604?
0
What is the tens digit of 597937968?
6
What is the ten thousands digit of 233931852?
3
What is the ten millions digit of 390871745?
9
What is the hundreds digit of 595954862?
8
What is the tens digit of 2255891876?
7
What is the hundreds digit of 57502515?
5
What is the millions digit of 73387935?
3
What is the hundreds digit of 250071158?
1
What is the ten thousands digit of 403151746?
5
What is the thousands digit of 234956886?
6
What is the hundred thousands digit of 68537207?
5
What is the hundred millions digit of 143750097?
1
What is the units digit of 30805683?
3
What is the tens digit of 9973824?
2
What is the hundred thousands digit of 119166024?
1
What is the hundred thousands digit of 693025310?
0
What is the ten millions digit of 1539192768?
3
What is the tens digit of 1534712593?
9
What is the hundred millions digit of 2051283732?
0
What is the hundred millions digit of 282017744?
2
What is the hundred thousands digit of 80917753?
9
What is the hundred millions digit of 310521892?
3
What is the millions digit of 178586367?
8
What is the thousands digit of 4257761?
7
What is the millions digit of 68458400?
8
What is the hundreds digit of 3189845551?
5
What is the thousands digit of 714860479?
0
What is the hundred thousands digit of 4449518349?
5
What is the units digit of 53073884?
4
What is the hundred thousands digit of 3011300839?
3
What is the hundreds digit of 282788036?
0
What is the tens digit of 4644348577?
7
What is the hundreds digit of 1140673?
6
What is the ten thousands digit of 826395762?
9
What is the millions digit of 106579893?
6
What is the ten thousands digit of 1847141703?
4
What is the thousands digit of 2705965059?
5
What is the hundred thousands digit of 50413554?
4
What is the tens digit of 4300798?
9
What is the ten millions digit of 193343535?
9
What is the millions digit of 58150580?
8
What is the hundreds digit of 547053360?
3
What is the ten thousands digit of 150813495?
1
What is the tens digit of 34892192?
9
What is the ten thousands digit of 76410351?
1
What is the millions digit of 2273594138?
3
What is the hundred thousands digit of 365135914?
1
What is the tens digit of 113132773?
7
What is the ten millions digit of 106504053?
0
What is the hundred thousands digit of 1104311693?
3
What is th